 d(y) = 5*y - 80. Let k be d(23). Let r = k + w. What is the tens digit of r?
4
Let c = 725 + -167. What is the hundreds digit of c?
5
Suppose 5*r - h + 196 = 9*r, -2*r = -h - 98. Suppose 2*q + r = -0*j + j, q + 224 = 4*j. What is the units digit of 4 + (j - 0)*1?
1
Let o(r) = r**2 - 2*r. Let s be o(3). Suppose 4*f = -d + 69, -f + 2*f - 1 = s*d. Suppose -20 = -2*c + f. What is the units digit of c?
8
Let d be (-49 - (0 - -3)) + -2. What is the tens digit of 36/d*453/(-2)?
5
Let w be 1/((-10)/6 + 2). Suppose -4*h - 36 = -2*r, 3*r - 4*r - w*h = -8. Let d = r + 8. What is the units digit of d?
2
Let t(a) be the second derivative of 11*a**4/6 - 2*a**3/3 - a**2 + a. Let y be t(-3). Suppose -11*i - y = -15*i. What is the units digit of i?
2
Suppose 6*a - 856 = -2710. Let q = 459 + a. Suppose -8*h + 2*h = -q. What is the units digit of h?
5
Let q = 20 - 11. Suppose i = 58 + q. Suppose -5*z = -i - 123. What is the tens digit of z?
3
Let j(b) = -b**2 + 24*b + 24. What is the tens digit of j(14)?
6
Suppose 3*z = -4*h + 16, -2*z - 8 = -2*h - 3*z. Suppose -h - 1 = -u. Suppose -123 = -u*f + 12. What is the units digit of f?
7
Suppose 4*x = -5*c + 2955, 776 = 3*c + 3*x - 1000. What is the hundreds digit of c?
5
Let z = -1005 - -1547. What is the tens digit of z?
4
Suppose 49502 = -10*v + 63*v. What is the units digit of v?
4
Suppose -f + 4*f - 699 = 0. What is the units digit of f?
3
What is the thousands digit of 61/122 - 4427/(-2)?
2
Let z = 226 + 170. What is the hundreds digit of z?
3
What is the tens digit of (-1)/2*-762 - -2?
8
Let j(m) = 46*m**2 + 5*m + 33. What is the units digit of j(5)?
8
Suppose 0*t - 14 = -7*t. Suppose 15 = 4*v + 5*g, 0 = -4*v - g + t + 1. Suppose -5*j + 4*r = -225, 90 = 2*j - v*j - r. What is the tens digit of j?
4
Let u(s) = 5*s**2 - 4*s - 22. Let n be u(9). Suppose 0 = -10*z + n + 1343. What is the hundreds digit of z?
1
Let k be (4 - (-65)/(-15))*0/1. Let o be (-30)/2*36/(-10). Suppose k = -4*b + 6*b - o. What is the units digit of b?
7
Let b be -17*(-12)/3*-1. Let n = b - -156. What is the units digit of n?
8
Let l(b) = -3*b**3 - 3*b**2 + 5*b + 3. Let y be l(-3). Let w be (-5215)/y + 1/6. Let d = -88 - w. What is the tens digit of d?
3
What is the units digit of (-1)/2*-4 - (-451 - -19)?
4
Let m(s) = -s**3 - 3*s**2 + 10*s + 7. Let l = -6 - -12. Suppose 4*u + l = 3*u. What is the tens digit of m(u)?
5
What is the tens digit of ((-36)/(-45) + 0)/(1/70)?
5
What is the hundreds digit of 692 + -3 + -6 + 0?
6
Let m = 128 - 86. Suppose y - 19 = m. What is the units digit of y?
1
Let p(y) = 4*y**3 + 4*y**2 - 4*y - 5. Suppose -2*i + 0 - 4 = 2*j, -4*j = -4*i - 32. What is the hundreds digit of p(j)?
1
Suppose -2*i + 2 = -2. Let v(o) = 15*o**2 - 6. What is the tens digit of v(i)?
5
What is the units digit of (360 - -2) + (14 - 10)?
6
Suppose 62633 - 218761 = -41*l. What is the units digit of l?
8
Let n(w) = 5*w - 1. Let b be n(5). Let i(p) = -2*p + 10. Let j be i(0). Let l = b - j. What is the units digit of l?
4
Let p = 6104 - 3551. What is the hundreds digit of p?
5
Suppose 5*h - 90 = u + 4, -3*h = 2*u + 214. Let l = u + 74. Let b = -16 - l. What is the units digit of b?
4
Let p = 1372 + -392. What is the hundreds digit of p?
9
Let u(z) = 4*z - 9. Let o be u(3). Let w be (0 - o) + 5 + 1. What is the units digit of 23/w*(-8 + 11)?
3
Let z = 10 - 106. Let c be (-4)/10 - z/40. Suppose -2*g - 35 + 115 = -2*p, 0 = c*g + 2*p - 80. What is the units digit of g?
0
Suppose -1170 = b - 1247. What is the units digit of b?
7
What is the hundreds digit of (30/45)/(6/11385)?
2
Suppose 24*m - 2*m = 36080. What is the tens digit of m?
4
Suppose 4*p + 2*u = 19588, p + 14*u - 4897 = 19*u. What is the thousands digit of p?
4
Suppose -4*o + 28 = 2*s - 0*s, -5*s + 4*o = -14. Let y(l) = -3 + l - s*l - 1. What is the tens digit of y(-5)?
2
Let j = -233 - -371. What is the hundreds digit of j?
1
Let b be -10 + (0 - -1) - 12/12. Let n = b - -19. What is the units digit of n?
9
Let h = 8 + -1. Let p(b) = 4*b + 5 - 6 - h. What is the units digit of p(6)?
6
Let y(n) = 4*n**3 + 2*n**2. Let x(d) = -d. Let i(h) = x(h) + y(h). Let v be i(1). Suppose m - v + 3 = 0. What is the units digit of m?
2
Let l(o) = o**2 - 8*o + 3. Let j be l(8). What is the units digit of -2 - 285/(j - 6)?
3
Let q = 41 - 37. Suppose 11*x = q*x + 154. Suppose x = -2*t + 30. What is the units digit of t?
4
Let q(c) = -7*c + 21*c - 7*c - 8*c + 8. Let z be q(4). Suppose z*b - 130 = -18. What is the units digit of b?
8
Let g(w) = w**3 + 6*w**2 - 16*w - 7. Let m be g(8). Suppose 3*s - 431 = -4*x, 0 = -5*s + 2*x + 2*x + m. What is the hundreds digit of s?
1
Let l be 1/3*-8*-6. Suppose -l = -5*i + 4. What is the units digit of (-16 - -4)/i + 41?
8
Suppose 6 = -n + 4*x, 2*n = 3*x - x. Suppose n*l = -5*h + 23 + 332, 0 = -h - 5*l + 71. Let p = h - 43. What is the units digit of p?
8
Suppose 0 = 4*o - 5*g + 20, 2*g + 3 - 11 = 0. Suppose -4*k + 2*k = o. Suppose k = 12*b - 11*b - 48. What is the tens digit of b?
4
Let k = -30 + 36. Let t(m) = 16*m - 1. What is the units digit of t(k)?
5
Suppose 10 = 10*z - 11*z. Let q be (2 - (-3)/(-1))*z. Suppose -5*y = -0*k - 2*k - 266, 5*k = q. What is the tens digit of y?
5
Suppose -v = -7*j + 10*j - 739, 4*v + 3*j = 2938. What is the tens digit of v?
3
Let z(f) = -8*f**2 - 4 - 4*f + 19*f**2 - f**2. What is the tens digit of z(-2)?
4
Let s be 4/10*(17 + 8). Suppose -5*m + 2*x - 10 = 0, -x - x + s = -3*m. Suppose 4*k - 83 - 197 = -5*w, m = 2*k. What is the units digit of w?
6
Let l(s) = -2*s**3 - 4*s - 15. What is the units digit of l(-7)?
9
Let g(a) = a**3 - 9*a**2 - a - 3. Let r be g(4). What is the tens digit of ((-3)/6)/1*(r + 3)?
4
Let u(k) = 15*k + 8. Let z(w) = w**2 + 4*w - 3. Let q be z(-5). What is the tens digit of u(q)?
3
Let a be 516/16*(-4 - 0). What is the units digit of -1 - (-2 - a/(-3))?
4
Let x = -11 + 5. Let p(v) be the first derivative of v**2/2 + 7*v + 48. What is the units digit of p(x)?
1
Suppose -5*b + 5*q = 25, 0 = b - 2*q + 5 + 5. Suppose 3*m = -b*m + 90. What is the tens digit of m?
3
Suppose 3*n + 0*n = -15, 3*i + n = 2533. What is the tens digit of i?
4
Suppose 0 = -w - 3*s + 521, 5*w - 2*s = 619 + 2037. What is the tens digit of w?
3
Suppose 4*g = -5*v + 2536, -2*g - v = -0*g - 1262. What is the tens digit of g?
2
Suppose 0 = -4*r - 8 - 4, 3*j - 21 = 3*r. Let z be (-2)/j + (-2)/(-4). Let v(p) = -p**3 - p**2 + p + 30. What is the units digit of v(z)?
0
Suppose 6*y + 104 = -4. Let s be -6 + 1 + -2*1. Let c = s - y. What is the units digit of c?
1
Suppose 0 = 4*o - 3*f - 6097, -o + 0*f - 3*f = -1528. What is the tens digit of o?
2
Let i = -24 - -36. Let d = -14 - -25. Let k = i - d. What is the units digit of k?
1
What is the tens digit of 17/((-714)/(-33948)) - 2/7?
0
Let k(s) = 6*s - 10. Let h be (-5)/30*-10*9. Suppose 2*q + 68 = 5*i + h, -2*i = -5*q - 17. What is the units digit of k(i)?
6
Let m = 3 - -2. Suppose -13 + 92 = 4*f - m*s, -2*s + 86 = 4*f. What is the tens digit of f?
2
Suppose t + 3*a - 2199 = -213, -t = -5*a - 1962. What is the hundreds digit of t?
9
Let h be 40/18 + 0 + (-4)/18. What is the hundreds digit of h/((-8)/(-1035)) + 12/(-16)?
2
Suppose -5*h + 97 + 72 = -3*w, 0 = 2*w + 5*h + 121. What is the tens digit of (15 - 11)/((-4)/w)?
5
Suppose 0 = j - 5*j - 28. Let x(r) = 4*r**2 + 11*r + 8. What is the units digit of x(j)?
7
Suppose n = 3*n + 2*p + 18, 60 = -4*n + 4*p. What is the tens digit of (-3 + 171)*(-8)/n?
1
Let d(m) = -2*m - 3. Let b be d(-4). Suppose -4*q = -3*g - b*q + 20, 4*q = -3*g + 35. Suppose 2*w - 3*j = 21, 0*j = g*w + j - 44. What is the units digit of w?
9
Let c(k) = 11*k**2 - 40 + 2*k + 15 + 16. What is the units digit of c(3)?
6
Suppose 3*v - 2124 = -9. What is the units digit of v?
5
Let u(s) = -s**2 - 12*s - 1. What is the tens digit of u(-8)?
3
Let j(q) = -q**3 - 16*q**2 - 32*q - 11. Let x be (6 + 92/(-6))*(-3)/(-2). What is the tens digit of j(x)?
4
What is the units digit of 9/((-36)/(-16)) - -806?
0
Suppose 61*p - 52*p - 3249 = 0. What is the tens digit of p?
6
Let w(p) = -254*p + 1. What is the tens digit of w(-2)?
0
Suppose 0*x - x = 4*z - 1457, -3*z = -3*x + 4311. What is the thousands digit of x?
1
Suppose -4*v + 0*v = -8, -m + 2*v = -178. What is the units digit of m?
2
Let c(m) = -77*m